 - 168*i = -40. Suppose 5*s = -5*v + 42085, 0 = 4*v - 2*v - i*s - 16806. Is v composite?
True
Let t = 69 + -66. Suppose -j + 7890 = 2*f, -t*f + 5*f - 7884 = 2*j. Let k = f + -1957. Is k prime?
True
Let m be (-10)/(-4)*4/5. Let g(s) = 3971*s**2 - 9*s + 11. Is g(m) a prime number?
True
Suppose 2*s = -10, 2*v + s + 20 = -3*v. Let p(i) = -7544*i - 19. Is p(v) a composite number?
False
Let v(j) = -2*j**2 + 53*j - 20. Suppose 0 = 5*h - 20, 2*b + 0*h - 34 = 2*h. Is v(b) a prime number?
True
Suppose -26 + 146 = w. Is (w/(-180))/(2*(-2)/13998) composite?
False
Suppose -2*m - i + 243 = -1608, 3*m - 2764 = -4*i. Let j = 1601 - m. Is j a composite number?
False
Let t = -33106 + 70911. Is t a prime number?
False
Let x = -48 + 56. Suppose 7598 = x*i - 474. Is i prime?
True
Suppose 0 = -6*s + 5*s - 4*b - 7, 0 = -5*s + 5*b + 40. Suppose -6*f + 5*l + 1702 = -5*f, 2*l - 8645 = -s*f. Is f composite?
True
Let j be (-21963)/(-12) + 40/(-32). Let u(z) = -10*z**3 + 2*z**2 - z. Let b be u(4). Let w = b + j. Is w prime?
True
Suppose 4 - 8 = -v, -v = -5*w + 231. Suppose 3*f = -t - 48, -2*f + 6*t - 4*t - 32 = 0. Let u = w + f. Is u a prime number?
True
Suppose -v - 17 = -3*a - 7, -3*a + 9 = 0. Let k(y) = 1224*y**2. Let s be k(v). Let j = 2265 - s. Is j composite?
True
Let o(j) = -14 + 33*j**2 + 9*j**2 - 25*j**2 + 0*j + 4*j. Is o(9) a prime number?
True
Let x = 48 - 30. Suppose u + 5*u - x = 0. Suppose -5*p + u*g = -2091 - 3185, -3*g = -p + 1048. Is p a prime number?
False
Suppose -90*w + 31*w = -1341247. Is w a composite number?
True
Let a(k) = k + 24. Let z(l) = 25. Let g(q) = -4*a(q) + 3*z(q). Let v be g(-6). Is -4 + (-3)/(v/(-91)) a prime number?
False
Let a = -51 - -22. Let g = a - -178. Suppose 4*t - 3*t - g = 0. Is t a composite number?
False
Suppose -1084*x + 1089*x + c = 515394, -4*x = 3*c - 412313. Is x prime?
True
Let p = -29103 - -14035. Let r = p + 25437. Is r a composite number?
False
Let y(m) = 0 + 0*m**2 + m - 11 - m**3 - m**2. Suppose 0 = 3*h + 19 - 1. Is y(h) a composite number?
False
Let c = 2311559 + -1360566. Is c a composite number?
False
Let d(y) = 1. Let c(x) = -838*x - 33. Let u(s) = c(s) + 6*d(s). Is u(-1) a prime number?
True
Let j = -198187 - -359490. Is j prime?
True
Let n(h) = 4495*h**2 - 106*h + 24. Is n(-7) a prime number?
True
Let h(a) = -2*a**3 + 9*a**2 - 7*a - 7. Let v(u) = u**3 - 8*u**2 + 7*u + 6. Let i(t) = -2*h(t) - 3*v(t). Let c be i(-7). Is 1730/c*24/(-20) a composite number?
True
Suppose 0 = 5*k - 73715 - 155860. Let o = k + -30370. Is o a prime number?
False
Let w = -171 + 152. Let i(t) = -123*t - 4. Is i(w) a prime number?
True
Let p be (-162952)/(-11) + (-4)/(-22). Suppose 3*a - 2*q - 18519 = p, 4*q + 55553 = 5*a. Is a composite?
False
Suppose -i + 34 = 31, 0 = n + i - 11. Let m(a) = 24 + 18*a + 18*a + 5. Is m(n) composite?
False
Let p(s) = 23*s + 13 + 100*s - 6 - 2. Let w be p(27). Let y = -1927 + w. Is y composite?
False
Let f(s) = -16*s + 34. Let g be f(2). Is (600 + (10 - 6))/g composite?
True
Let f = -363559 - -625776. Is f composite?
False
Let c = 134921 + 91436. Is c a prime number?
True
Let y be (104/(-16) + 6)*4/2. Let r(x) = -3380*x + 7. Is r(y) a composite number?
True
Suppose 4*f + 0 = 4, v = 2*f + 17567. Is v a prime number?
True
Let g = 61 + -62. Let b(p) = -2*p**2 - 18*p - 7. Let t be b(-10). Is 182 + (g - 0)/((-9)/t) a prime number?
True
Let d be (-4)/30 + 1088076/495. Is (7/1 - 2) + d a composite number?
False
Let q = 990 - -180. Let p = -251 + q. Is p a composite number?
False
Let i = 213032 + -89929. Is i a prime number?
False
Let k(r) = -423*r + 6. Let o(d) = -d. Let u(p) = -k(p) - 18*o(p). Is u(3) a prime number?
False
Let b(c) = -c**3 - 5*c**2 + 11*c - 15. Let n be b(-7). Let l be ((-21939)/n)/((-3)/(-36)). Is ((-4)/2)/(-12) + l/(-36) prime?
False
Let s(d) = d**3 - 22*d**2 + 41*d - 15. Let c be s(20). Suppose g = 3*n + 13795, 16*g + c*n + 13791 = 17*g. Is g a prime number?
False
Let q be 4/(-18) + (55/45 - 1). Suppose -17*l + 20*l - 23451 = q. Is l composite?
False
Suppose 5*v - 102 = 4*k + 217, -4*v - 3*k + 249 = 0. Let h be v/21 - (1/1 - 0). Suppose -2387 = -3*q - h*o, -2*o = 2*q - 0*o - 1588. Is q prime?
False
Let g = -8110 + 3348. Let i = g - -10733. Is i prime?
False
Let p = -152 + 157. Suppose 0 = p*j - 11*j + 2586. Is j a prime number?
True
Suppose -2*w = 3*j + 76, 44 + 63 = -4*j + 3*w. Let m = 20 + j. Is -5*(m/8)/((-5)/(-4)) a composite number?
False
Suppose -7962906 - 11235872 = -38*h. Is h a composite number?
False
Suppose 36303 = 18*r - 6069. Let z = r + -21. Is z a prime number?
True
Suppose 0 = 8*d - 2*d - 72. Is (3134/(-8))/(3*(-1)/d) a composite number?
False
Is (-57)/(-133)*6756386/6 a prime number?
False
Suppose -8*p - 9*p + 34 = 0. Suppose -3*u - 7100 - 3645 = l, -5*u = -3*l - 32165. Is (l/(-15))/(p/3) composite?
True
Let w(a) = a**3 + 11*a**2 - 8*a + 23. Suppose -3*o - 5*b - 206 = 0, 2*b - 5*b + 332 = -5*o. Let q = o - -57. Is w(q) prime?
False
Let p(w) = 616966*w - 1813. Is p(2) prime?
False
Suppose -17063 = 6*s - 75749. Suppose s + 3019 = -8*f. Let m = -633 - f. Is m a composite number?
False
Suppose -2*b = 2*l - 12330, 6*b - 4*b = 4*l + 12318. Is b prime?
True
Let z(n) = 44*n + 5. Let m be z(12). Suppose 2*x + 330 = 2*y, 2*x - 4*y + 430 = 90. Let a = m + x. Is a a prime number?
True
Let u(v) = 6*v + 62. Let l be u(-10). Suppose 3*s - l*w = 9, -s - 5*w = 2*s + 12. Is (s/3)/(0 - (-2)/7362) a prime number?
False
Suppose -6316913 = -42*m - 2695272 + 3680521. Is m composite?
False
Suppose 5219033 - 4341536 = -222*k + 16612191. Is k prime?
True
Suppose -195*r + 666164 = -94*r - 97*r. Is r prime?
True
Suppose 24*z - 320452 = 2*z. Is z composite?
True
Let r(a) = 634*a**2 - 342*a + 1. Is r(8) composite?
True
Suppose -2*g = 2, -g - 15 = -2*i + 2*g. Suppose 0 = f + 3*k - 13, 3*k - 39 = 3*f - i*f. Suppose -11*h + f*h = 5926. Is h prime?
True
Let h(a) = -11799*a - 3691. Is h(-6) a prime number?
True
Let n(z) = 87*z**3 + 19*z**2 - 18*z - 15. Is n(7) composite?
False
Is 29 + (-352)/16 + 1229*10 a composite number?
True
Let h(k) = -25394*k - 222. Is h(-14) prime?
False
Let w(h) = 131*h**2 + 30*h + 57. Suppose 104 = -74*q + 22*q. Is w(q) prime?
True
Let s(g) = 2*g**3 + g**2 - g + 2. Let z be s(2). Suppose 2*i - 4*i + 10 = 0, 3*u - 4*i + z = 0. Is (-1292)/(-1) - (2 + -1 - u) prime?
True
Let q be 20/6 + (-8)/24. Suppose 2 = l - 2*o + 3*o, -4*l - 5*o + q = 0. Let c(v) = 2*v**3 - 3*v**2 - 8*v + 4. Is c(l) a prime number?
True
Let v(s) = -s**2 + 13*s + 28. Let y be v(14). Suppose 2954 + 10332 = y*j. Suppose 593 = 3*g - j. Is g a prime number?
False
Suppose 5 = 3*x - 2*r, 3*x = -5*r - 0*r - 23. Let a be 2/1 + x - 1. Suppose a = -j + c + 274 + 208, c + 1943 = 4*j. Is j a prime number?
True
Suppose s + 4*s - 30 = 0. Let v be 3/s*8/1. Suppose p + 5852 = 3*o, -5*o = -v*o - 5*p - 1974. Is o composite?
False
Suppose -11*l + 2826685 + 692028 = 0. Is l prime?
True
Suppose 2*w - 593892 = -3*q + 1006631, -4*q - 1600474 = -2*w. Is w a prime number?
False
Suppose o + 69423 = 3*n, -115715 = -5*n - 2*o + 7*o. Let j = 33911 - n. Is j a composite number?
False
Let v(q) = 27*q**3 - 16*q**2 + 121*q - 1146. Is v(11) a prime number?
False
Suppose g + 2 = 0, -3*n + 2730 = -n - 4*g. Suppose 57*r = 56*r + n. Is r composite?
False
Let w(i) = -i**3 - 21*i**2 + 19. Let c be w(-21). Suppose -c*j = -24*j + 1105. Is j a prime number?
False
Let j(p) = -35*p - 37. Let o be j(-13). Suppose 2*l - 15 = -3*g + 5*l, l = -5*g + 7. Suppose -4*q + 940 + o = g*y, -y - 4*q = -685. Is y a prime number?
True
Let d(b) = -135*b**3 + 8*b**2 + 145*b + 1295. Is d(-9) a composite number?
False
Let g = 206 + -11. Is (246/15)/(6/g) composite?
True
Suppose -5*f + 3*m - 12681 + 43100 = 0, -24322 = -4*f - 2*m. Let c = f + 3979. Is c prime?
True
Let z be 0 - (2504/((-2)/2) + -3). Let l(k) = -538*k - 6. Let q be l(-7). Let o = q - z. Is o composite?
True
Let z be (-2405)/(0 + (-4)/(88/2)). Suppose 0*i + z = 4*b - 5*i, 3*b - 19855 = i. Suppose -33*v = -37*v + b. Is v composite?
True
Let z = -509047 - -727578. Is z a prime number?
True
Suppose -2*f + 209827 = 5*p, 3*f + 12*p = 14*p + 314731. Is f a composite number?
False
Is (-1319679460)/(-1485) - (-3)/(-81) composite?
True
Suppose -55968 = 22*m - 824054. Is m a prime number?
True
Let r(i) = 19*i**2 - 2*i - 